*2/2 + 10*d + 1. Let y = -3 + 3. List the prime factors of t(y).
2, 5
List the prime factors of (-4)/12 + (-75)/(-9).
2
Let c(x) be the second derivative of -x**5/20 + 5*x**4/12 + x**3 + 5*x**2/2 + x. List the prime factors of c(6).
5
Let v(a) = 10*a - 20. What are the prime factors of v(5)?
2, 3, 5
Let x = 7 + -3. Suppose 5*p = -2*y + 6*p + 1, 0 = x*y + 5*p + 5. Suppose y*g + 56 = 4*g. What are the prime factors of g?
2, 7
Let y(k) = -3*k**2 + 5*k + 4. Let c be y(4). Let u be (c/15)/((-2)/10). Suppose 3*w = 2*w + u. List the prime factors of w.
2
Let t(r) = r**2 + 9*r - 6. Let h be t(-10). Let p(v) = 3*v**3 + 3*v**2 + v. Let q be p(-2). List the prime factors of h/q + (-74)/(-14).
5
What are the prime factors of (-4)/(-14) + 76/28 - -123?
2, 3, 7
Suppose -c - 5*r = 3 + 4, -4*c + 16 = -2*r. List the prime factors of -9*c*(-5 - -4).
3
Let d(b) = -b**3 + 3*b - 3. Let u be d(2). Let w = -43 - -31. Let p = u - w. List the prime factors of p.
7
Suppose 5*n + 0*o - 4*o = 435, -o = -5*n + 450. What are the prime factors of n?
7, 13
What are the prime factors of -134*2*(-9)/12?
3, 67
Let r = -6 - -7. Let u(n) = 17*n**3 - n**2. Let x be u(r). Suppose 4*h = 2*t + 42, -h - h = 4*t - x. List the prime factors of h.
2, 5
Let w(x) = x**3 + 14*x**2 + 10*x - 13. List the prime factors of w(-13).
2, 13
Suppose 0 = -3*c - 5*i + 475, 4*i + 183 = 2*c - 97. List the prime factors of c.
2, 3, 5
Let x = 8 - 5. Suppose 0 = -o + 3*a - x, -3*o + 2*a + 8 = o. List the prime factors of (-12)/(-8)*20/o.
2, 5
Let q be (-3)/(2*2/12). What are the prime factors of (-57)/q + 6/9?
7
Let y(v) = 12*v**3 + 2*v**2 - 1. Let w be y(-1). Let s = -4 - w. What are the prime factors of s?
7
Let x = 12 + -7. Suppose -x*u + 64 = -101. Suppose -3*l + 3*q + u = 0, -46 = -4*l + 3*q + 2*q. List the prime factors of l.
3
Let o = 9 + -3. Let u = o + -3. Suppose -u*v + 19 + 14 = 0. List the prime factors of v.
11
Let h = -40 + -14. What are the prime factors of ((-22)/(-4))/((-9)/h)?
3, 11
Let c(k) = -k**3 - 6*k**2 - 6*k - 3. Let u be c(-5). Suppose 4*n - 2*z - 16 = 0, u*n - 12 + 0 = 3*z. Let s = 11 - n. What are the prime factors of s?
2
Suppose -u = -3*u + 38. Let m = u + -11. What are the prime factors of m?
2
Let g = -6 - -9. What are the prime factors of g?
3
Let o(a) = 13*a**2 - 1. Let u be o(-1). Let w be 166/8 - 9/u. Suppose -4*p = 4*f - 0*f - w, 26 = 5*f + 4*p. List the prime factors of f.
2, 3
Suppose -8 = -5*z + 12. List the prime factors of z.
2
Let o be 5/(10/636)*-3. List the prime factors of (-4)/(-18) - o/81.
2, 3
Let y = -3 + 1. Let c be 1 - -15 - y - 2. Suppose k = -4*t + c, -k = k + 2*t - 20. List the prime factors of k.
2
Suppose 3*h - 33 - 69 = 0. What are the prime factors of h?
2, 17
Suppose -3*p + 7 = 1. Let f(x) = x**2 + 2*x + 5. Let g(r) = -2*r**2 - 2*r - 6. Let m(t) = -4*f(t) - 3*g(t). What are the prime factors of m(p)?
2
Let c = -453 - -881. List the prime factors of c.
2, 107
Let s = 3 + -1. What are the prime factors of -28*s/(-4)*1?
2, 7
Let v = 100 - 49. What are the prime factors of v?
3, 17
Let k = -21 - 53. Let c = k + 119. List the prime factors of c.
3, 5
Suppose 2*m + 2*m - 40 = 0. Suppose 3*j = j + 3*l + 9, -l - 13 = -4*j. Let b = m - j. What are the prime factors of b?
7
Let d be (-652)/(-28) - 2/7. Suppose 2*x = -5 - 1, -5*x = -2*y + d. What are the prime factors of 21/(-2)*y/(-6)?
7
Let n be (-5)/1*(-168)/30. Let p = n - 18. List the prime factors of p.
2, 5
List the prime factors of (2/3*-3)/((-29)/1856).
2
Suppose 3*s + 20 = -16. Suppose 3*g = -g + 92. Let r = g + s. List the prime factors of r.
11
Let h(d) = d**3 + 10*d**2 + 10*d + 5. Let g be h(-9). Suppose q + 1 = -j + 22, -4*q = 5*j - 107. Let b = g + j. List the prime factors of b.
19
Let h(d) be the first derivative of -d**4/4 - 2*d**3 + 4*d - 2. List the prime factors of h(-6).
2
Let v(q) = 2*q - 6. Let u be v(8). List the prime factors of u*10/(-6)*-3.
2, 5
Let k = 11 + 9. List the prime factors of k.
2, 5
Let n(a) = -a**3 - 6*a**2 - 6*a. What are the prime factors of n(-5)?
5
Let n be -2*(2*4)/(-2). Let f(d) = d**3 - 9*d**2 + 9*d - 5. Let p be f(n). Suppose 4*u + 3*b - 32 = b, -5*u + 38 = p*b. List the prime factors of u.
2, 5
Let s = -11 - -15. Let c be ((-2)/(-6))/(10/270). Suppose c*y = s*y + 25. What are the prime factors of y?
5
Let u(v) = v**2 - 7*v - 12. What are the prime factors of u(10)?
2, 3
Let b(v) = 2 - 8*v + 0 - 2. What are the prime factors of b(-3)?
2, 3
Let h = 25 - -1. Suppose -4*r = -h - 18. What are the prime factors of r?
11
Let a(g) = -g**3 + 4*g**2 + g - 4. Let j be a(4). Let c = j + -5. Let n(b) = -3*b - 7. List the prime factors of n(c).
2
Let k = 1 + 1. Suppose 0 = -2*y + k + 2, -u - 6 = -4*y. Suppose 0 = -u*i + 5*i - 15. What are the prime factors of i?
5
Let p(l) = l**3 + 11*l**2 + 10*l - 1. Let y be p(-9). Suppose 2*k - y = -1. List the prime factors of k.
5, 7
List the prime factors of 64 + (-3 + 1)/(-1).
2, 3, 11
Let k = 145 + -80. What are the prime factors of k?
5, 13
Let k be 0/(-5) + 8/2. Let p(a) = a**2 - 3. What are the prime factors of p(k)?
13
Let x = -3 - -4. Suppose -3 = -a + x. What are the prime factors of 2*(-9)/(-8)*a?
3
Let v be ((-7)/1 + -1)*-4. Suppose 0 = -2*x + 2*i + 82 - v, 2*x + 5*i = 15. Let o = x + -9. What are the prime factors of o?
11
Let i be (3/2)/(1/40). Suppose 7*j - 2*j - i = 0. List the prime factors of (j/(-10))/((-4)/30).
3
Let m(b) = -b**2 - 3*b. Let t be m(-3). Suppose -5*g + 0*g - 3*o + 63 = t, 0 = 5*g - 5*o - 95. What are the prime factors of g?
3, 5
Let f be -1 + (-14 + -2)/(-2). Suppose f*b + 50 = 9*b. List the prime factors of b.
5
Suppose a = -0*a + 7. Let y be (a/4)/(1/(-8)). List the prime factors of 5/(-10) + y/(-4).
3
Let l(g) = -g**3 + 6*g**2 + 3*g - 6. Let t be l(4). Suppose t = 3*n - 34. List the prime factors of n.
2, 3
Let l(x) = 3*x - 2. Let o(c) = -2*c + 1. Let y(i) = 4*l(i) + 7*o(i). Let k = 3 - 7. What are the prime factors of y(k)?
7
Let f = -60 - -115. What are the prime factors of f?
5, 11
Let g(r) = r**3 - 3*r**2 + 2*r - 1. Let t be g(3). Let d(k) = k + 6. Let f be d(t). Let w(h) = -h**2 + 12*h - 2. List the prime factors of w(f).
3
Let u = -7 - -1. Suppose -2*s + 10 = -4*s, 2*x - 5 = -3*s. Let n = u + x. List the prime factors of n.
2
Suppose -w + 4*l - 10 = -38, -5*w - 2*l + 52 = 0. List the prime factors of w.
2, 3
Let k(z) = 9*z**2 + 2*z + 1. Suppose -3*h + h - 8 = 3*v, -3*h + 1 = -2*v. List the prime factors of k(h).
2
Let r be 13/3 + (-3)/9. Suppose 3*j - r*w - 22 = 0, 5*j - 30 = 4*w + w. List the prime factors of j.
2
Let n(v) = 11*v - 35. List the prime factors of n(10).
3, 5
Suppose -5*u + 21 = 1. Let s = u - -28. What are the prime factors of s?
2
Let s = -1 - -4. Suppose -s*r + 41 = 14. List the prime factors of r.
3
Let t be 100/(-1) - (-4 - -2). Let b = t - -69. Let m = -17 - b. List the prime factors of m.
2, 3
Suppose 10*g - 666 = 7*g. List the prime factors of g.
2, 3, 37
List the prime factors of (-7)/((-332)/(-172) - 2)*3.
7, 43
Let v be -2 - 2/(-1) - -3. Suppose -p = 2*r - 5*p - 106, -3*r + 114 = v*p. List the prime factors of r.
43
Let n = 80 + -34. Suppose 0 = 3*r - 14 - n. Suppose -t + r = 3*t. List the prime factors of t.
5
Let c be 18 + 0 + (3 - 1). Let o = c + 1. List the prime factors of o.
3, 7
Let u(m) be the third derivative of -m**6/120 - 7*m**5/60 - m**4/4 + m**3/3 + m**2. Let h be u(-6). List the prime factors of ((-12)/5)/(h/(-10)).
2, 3
Let y = 27 - 1. Let c = 62 - y. What are the prime factors of c?
2, 3
Let r(q) = 12*q - 4. Let t be r(-3). Let y = t - -58. What are the prime factors of y?
2, 3
Suppose 0 = y - 5*g - 387, -4*y - 8*g + 1620 = -4*g. What are the prime factors of y?
2, 3, 67
Suppose 0 = -4*f + 2*u + 10, -4*f + 2*u - 5*u = 15. Suppose w = -f*w. Suppose w = -6*a + a + 75. List the prime factors of a.
3, 5
Suppose 3*h - 8 = 2*o, -h - 7*o + 8 = -5*o. Let j = -10 + 14. Suppose -i - 13 = -2*k, 8*k - j*k = h*i + 20. What are the prime factors of k?
2
Let t be 5*(-58)/(-20)*6. Let b(p) = -p**3 - 4*p**2 + 4*p - 1. Let h be b(-5). Suppose -5*q + 3*u = -t, -h*q + 56 = 2*u - u. List the prime factors of q.
3, 5
Let k = -54 + 87. List the prime factors of k.
3, 11
Let v(x) = -x**3 + 9*x**2 - 6*x + 5. List the prime factors of v(7).
61
Let k(x) = 34*x - 2. What are